ase 5
4
What is -18 (base 14) in base 13?
-19
What is 4f (base 16) in base 3?
2221
Convert -311 (base 4) to base 8.
-65
What is -2 (base 15) in base 5?
-2
What is -232 (base 6) in base 7?
-161
67 (base 12) to base 14
59
-10110 (base 2) to base 10
-22
What is ba (base 15) in base 5?
1200
Convert -1 (base 14) to base 4.
-1
1010 (base 2) to base 5
20
What is -13 (base 13) in base 11?
-15
Convert -213 (base 4) to base 9.
-43
-1103 (base 4) to base 2
-1010011
What is -5 (base 16) in base 9?
-5
-12 (base 5) to base 8
-7
Convert 12101 (base 3) to base 16.
91
Convert -402 (base 8) to base 14.
-146
What is 36 (base 11) in base 8?
47
Convert -42 (base 8) to base 10.
-34
What is 15 (base 15) in base 16?
14
-1 (base 2) to base 13
-1
Convert 0 (base 14) to base 5.
0
Convert 4b (base 16) to base 14.
55
-155 (base 11) to base 16
-b5
What is -c (base 16) in base 9?
-13
Convert 56 (base 7) to base 9.
45
What is 42 (base 9) in base 6?
102
Convert 11 (base 2) to base 16.
3
Convert 3 (base 4) to base 15.
3
What is -110 (base 2) in base 8?
-6
Convert 27 (base 9) to base 5.
100
17 (base 15) to base 2
10110
Convert 0 (base 10) to base 3.
0
200 (base 5) to base 10
50
What is a (base 13) in base 5?
20
Convert -132 (base 5) to base 2.
-101010
Convert -243 (base 7) to base 5.
-1004
Convert 1310 (base 6) to base 13.
1c5
Convert 54 (base 13) to base 5.
234
-50 (base 13) to base 5
-230
Convert 31 (base 4) to base 11.
12
Convert -a (base 14) to base 9.
-11
What is 2 (base 16) in base 4?
2
Convert -1 (base 8) to base 15.
-1
-33 (base 11) to base 13
-2a
Convert 52 (base 9) to base 8.
57
-17 (base 16) to base 4
-113
Convert -6 (base 15) to base 14.
-6
Convert -1 (base 10) to base 8.
-1
Convert 11 (base 2) to base 6.
3
-10 (base 4) to base 10
-4
What is -11 (base 3) in base 16?
-4
-2 (base 9) to base 2
-10
What is -1b5 (base 14) in base 12?
-257
Convert -76 (base 13) to base 9.
-117
-57 (base 16) to base 11
-7a
Convert -22 (base 16) to base 9.
-37
Convert 7 (base 15) to base 12.
7
Convert -2a (base 15) to base 3.
-1111
0 (base 14) to base 5
0
What is -5 (base 8) in base 11?
-5
What is -1e (base 15) in base 4?
-131
-23 (base 4) to base 11
-10
-15 (base 7) to base 6
-20
Convert 18 (base 9) to base 15.
12
12 (base 5) to base 7
10
-8 (base 14) to base 15
-8
-6 (base 14) to base 6
-10
Convert 140 (base 5) to base 4.
231
Convert -21 (base 4) to base 5.
-14
What is b (base 16) in base 5?
21
What is -12 (base 10) in base 15?
-c
b4 (base 12) to base 6
344
What is -20 (base 5) in base 10?
-10
Convert 2 (base 10) to base 9.
2
Convert -12 (base 7) to base 12.
-9
Convert 1 (base 13) to base 11.
1
-64 (base 9) to base 7
-112
31 (base 12) to base 14
29
1 (base 3) to base 14
1
What is 15 (base 9) in base 7?
20
-4 (base 15) to base 5
-4
15 (base 11) to base 12
14
What is 9 (base 15) in base 10?
9
Convert 50 (base 7) to base 14.
27
What is -10 (base 2) in base 16?
-2
What is 44 (base 7) in base 10?
32
Convert 5 (base 7) to base 4.
11
Convert -3 (base 12) to base 4.
-3
-1 (base 4) to base 2
-1
-10 (base 16) to base 3
-121
Convert 26 (base 12) to base 9.
33
Convert 96 (base 12) to base 4.
1302
What is 4 (base 6) in base 9?
4
What is -46 (base 12) in base 13?
-42
1000001 (base 2) to base 4
1001
Convert -186 (base 10) to base 6.
-510
Convert 4 (base 13) to base 10.
4
What is -1a (base 12) in base 15?
-17
Convert -1223 (base 5) to base 16.
-bc
What is 0 (base 11) in base 14?
0
Convert -322 (base 7) to base 2.
-10100011
What is 26 (base 8) in base 11?
20
What is 16 (base 11) in base 15?
12
What is -331 (base 9) in base 2?
-100001111
2 (base 5) to base 12
2
3 (base 15) to base 16
3
What is 3 (base 16) in base 13?
3
-3 (base 6) to base 13
-3
Convert 12 (base 7) to base 5.
14
What is -32 (base 5) in base 16?
-11
Convert 10100110 (base 2) to base 6.
434
Convert -2101 (base 4) to base 15.
-9a
Convert -167 (base 8) to base 6.
-315
10 (base 5) to base 14
5
Convert -2022 (base 3) to base 10.
-62
Convert 3 (base 16) to base 4.
3
What is 8 (base 16) in base 4?
20
What is -5 (base 6) in base 5?
-10
3 (base 4) to base 8
3
What is -1 (base 3) in base 7?
-1
What is 16 (base 8) in base 5?
24
What is 0 (base 5) in base 6?
0
5 (base 7) to base 9
5
What is 1 (base 7) in base 15?
1
What is -33 (base 8) in base 4?
-123
What is 3 (base 12) in base 10?
3
101111 (base 2) to base 9
52
What is 2 (base 6) in base 5?
2
Convert 18 (base 9) to base 5.
32
What is -2 (base 8) in base 15?
-2
What is -11110 (base 2) in base 3?
-1010
What is -22 (base 13) in base 4?
-130
3 (base 6) to base 12
3
135 (base 9) to base 8
161
Convert -a (base 11) to base 4.
-22
17 (base 8) to base 5
30
-16 (base 11) to base 8
-21
230 (base 4) to base 12
38
1 (base 8) to base 7
1
55 (base 10) to base 6
131
1a3 (base 11) to base 8
352
Convert 0 (base 11) to base 16.
0
Convert 25 (base 8) to base 15.
16
Convert 3 (base 14) to base 5.
3
Convert 16 (base 10) to base 2.
10000
Convert -4 (base 15) to base 11.
-4
Convert -1 (base 16) to base 3.
-1
121 (base 14) to base 6
1013
Convert -7 (base 11) to base 5.
-12
What is 1003 (base 5) in base 3?
11202
Convert 111 (base 7) to base 16.
39
20 (base 3) to base 11
6
Convert 1 (base 10) to base 2.
1
-10000 (base 2) to base 16
-10
What is 10101011 (base 2) in base 13?
102
Convert 132 (base 5) to base 8.
52
What is -201 (base 5) in base 8?
-63
What is -92 (base 12) in base 16?
-6e
Convert 121 (base 4) to base 14.
1b
Convert 2 (base 15) to base 12.
2
What is 201 (base 9) in base 10?
163
What is -43 (base 7) in base 13?
-25
What is -101022 (base 3) in base 12?
-1b2
-38 (base 9) to base 8
-43
What is -17 (base 15) in base 14?
-18
Convert -231 (base 7) to base 16.
-78
1 (base 4) to base 10
1
3 (base 7) to base 14
3
105 (base 7) to base 3
2000
Convert 6d (base 14) to base 6.
241
Convert -17 (base 10) to base 3.
-122
Convert 404 (base 5) to base 16.
68
What is 11c (base 13) in base 9?
235
What is -1011 (base 2) in base 5?
-21
101 (base 7) to base 6
122
Convert 0 (base 2) to base 11.
0
-2 (base 6) to base 7
-2
Convert -30 (base 8) to base 4.
-120
What is -6c (base 16) in base 8?
-154
Convert -12 (base 14) to base 2.
-10000
Convert 15 (base 8) to base 16.
d
-256 (base 12) to base 3
-111010
0 (base 4) to base 11
0
Convert -2 (base 9) to base 11.
-2
-2 (base 12) to base 6
-2
-4 (base 14) to base 4
-10
Convert 61 (base 10) to base 12.
51
What is -16 (base 8) in base 10?
-14
11 (base 4) to base 11
5
Convert -10 (base 8) to base 6.
-12
Convert -220 (base 3) to base 6.
-40
What is -c (base 14) in base 3?
-110
20 (base 5) to base 8
12
-14 (base 8) to base 10
-12
-6 (base 11) to base 3
-20
What is -1 (base 15) in base 10?
-1
Convert 12 (base 11) to base 7.
16
-2 (base 14) to base 6
-2
What is 10e (base 15) in base 7?
461
What is a1 (base 14) in base 7?
261
What is 36 (base 12) in base 8?
52
What is 336 (base 9) in base 12?
1b0
-2 (base 5) to base 13
-2
-100000000 (base 2) to base 12
-194
1 (base 16) to base 5
1
What is -3 (base 13) in base 11?
-3
76 (base 13) to base 9
117
Convert -b (base 12) to base 3.
-102
What is 42 (base 12) in base 10?
50
Convert 21010 (base 3) to base 9.
233
Convert 3c (base 13) to base 16.
33
Convert 0 (base 12) to base 13.
0
Convert 0 (base 2) to base 10.
0
Convert a (base 14) to base 4.
22
Convert -6 (base 11) to base 12.
-6
-1 (base 14) to base 2
-1
Convert -17 (base 9) to base 3.
-121
Convert 3 (base 13) to base 9.
3
Convert 62 (base 16) to base 12.
82
Convert 29 (base 12) to base 16.
21
-42 (base 5) to base 14
-18
-200 (base 10) to base 9
-242
Convert 10 (base 2) to base 16.
2
What is 100001 (base 2) in base 5?
113
-16 (base 15) to base 4
-111
-b (base 13) to base 11
-10
-1 (base 9) to base 10
-1
0 (base 11) to base 14
0
2 (base 5) to base 3
2
What is -212 (base 9) in base 4?
-2231
-2 (base 15) to base 4
-2
Convert -11 (base 3) to base 6.
-4
8 (base 16) to base 5
13
What is 3 (base 8) in base 14?
3
Convert -1003 (base 4) to base 3.
-2111
What is -26 (base 8) in base 5?
-42
What is -c (base 14) in base 13?
-c
What is 1 (base 5) in base 3?
1
What is 42 (base 7) in base 6?
50
10 (base 2) to base 13
2
Convert 112 (base 3) to base 15.
e
-11 (base 8) to base 14
-9
-6 (base 15) to base 6
-10
Convert -65 (base 16) to base 13.
-7a
Convert 0 (base 16) to base 13.
0
What is -32 (base 8) in base 3?
-222
-12 (base 9) 